{"id":2,"date":"2020-07-27T14:15:17","date_gmt":"2020-07-27T12:15:17","guid":{"rendered":"http:\/\/bodyfitnessepernon.fr\/?page_id=2"},"modified":"2021-04-11T16:20:34","modified_gmt":"2021-04-11T14:20:34","slug":"nos-evenements-chez-bodyfitness-epernon","status":"publish","type":"page","link":"https:\/\/bodyfitnessepernon.fr\/index.php\/nos-evenements-chez-bodyfitness-epernon\/","title":{"rendered":"Nos \u00e9v\u00e9nements chez BodyFitness \u00c9pernon"},"content":{"rendered":"<div id=\"mec_skin_3786\" class=\"mec-wrap    mec-full-calendar-wrap\">\r\n    \r\n    <div class=\"mec-search-form mec-totalcal-box\">\r\n                                    <div id=\"mec_search_form_3786\" >\r\n                                                                                <\/div>\r\n        <div id=\"mec_search_form_3786\">\r\n                                <\/div>\r\n        <div id=\"mec_search_form_3786\" class=\"mec-full-calendar-search-ends\">\r\n                            <div class=\"mec-text-input-search\"><i class=\"mec-sl-magnifier\"><\/i>\r\n                    <input type=\"search\" value=\"\" id=\"mec_sf_s_3786\" placeholder=\"\" \/>\r\n                <\/div>                                        <div class=\"mec-date-search\"><input type=\"hidden\" id=\"mec-filter-none\" value=\"Tout s\u00e9lectionner\"><i class=\"mec-sl-calendar\"><\/i>\r\n                    <select id=\"mec_sf_month_3786\">\r\n                        <option value=\"\">Select Month<\/option><option class=\"mec-none-item\" value=\"none\" selected=\"selected\">Tout s\u00e9lectionner<\/option><option value=\"01\">janvier<\/option><option value=\"02\">f\u00e9vrier<\/option><option value=\"03\">mars<\/option><option value=\"04\">avril<\/option><option value=\"05\">mai<\/option><option value=\"06\">juin<\/option><option value=\"07\">juillet<\/option><option value=\"08\">ao\u00fbt<\/option><option value=\"09\">septembre<\/option><option value=\"10\">octobre<\/option><option value=\"11\">novembre<\/option><option value=\"12\">d\u00e9cembre<\/option><\/select><select id=\"mec_sf_year_3786\"><option class=\"mec-none-item\" value=\"none\" selected=\"selected\">Tout s\u00e9lectionner<\/option><option value=\"2021\" >2021<\/option><option value=\"2022\" >2022<\/option><option value=\"2023\" >2023<\/option><option value=\"2024\" >2024<\/option><option value=\"2025\" >2025<\/option><option value=\"2026\" >2026<\/option><option value=\"2027\" >2027<\/option><option value=\"2028\" >2028<\/option><option value=\"2029\" >2029<\/option><option value=\"2030\" >2030<\/option><\/select><\/div>                                                <div class=\"col-md-12 mec-tab-loader\">\r\n                <div class=\"mec-totalcal-view\">\r\n                                        <span class=\"mec-totalcal-monthlyview\" data-skin=\"monthly\">Mensuelle<\/span>                    <span class=\"mec-totalcal-weeklyview\" data-skin=\"weekly\">Hebdomadaire<\/span>                    <span class=\"mec-totalcal-dailyview\" data-skin=\"daily\">Quotidienne<\/span>                    <span class=\"mec-totalcal-listview mec-totalcalview-selected\" data-skin=\"list\">Vu en liste<\/span>                    <span class=\"mec-totalcal-gridview\" data-skin=\"grid\">Grid<\/span>                                    <\/div>\r\n            <\/div>\r\n        <\/div>\r\n         \r\n    <\/div>\r\n    \r\n    <div id=\"mec_full_calendar_container_3786\" class=\"mec-full-calendar-skin-container\">\r\n        <div class=\"mec-wrap mec-skin-list-container  \" id=\"mec_skin_3786\">\r\n    \r\n    \r\n        <div class=\"mec-skin-list-events-container\" id=\"mec_skin_events_3786\">\r\n        Pas d'\u00e9v\u00e9nement actuellement programm\u00e9.    <\/div>\r\n        \r\n        \r\n<\/div>    <\/div>\r\n    \r\n<\/div>\n<p>&nbsp;<\/p>\n","protected":false},"excerpt":{"rendered":"<p>&nbsp;<\/p>\n","protected":false},"author":1,"featured_media":0,"parent":0,"menu_order":0,"comment_status":"closed","ping_status":"closed","template":"","meta":{"_monsterinsights_skip_tracking":false,"_monsterinsights_sitenote_active":false,"_monsterinsights_sitenote_note":"","_monsterinsights_sitenote_category":0},"aioseo_notices":[],"_links":{"self":[{"href":"https:\/\/bodyfitnessepernon.fr\/index.php\/wp-json\/wp\/v2\/pages\/2"}],"collection":[{"href":"https:\/\/bodyfitnessepernon.fr\/index.php\/wp-json\/wp\/v2\/pages"}],"about":[{"href":"https:\/\/bodyfitnessepernon.fr\/index.php\/wp-json\/wp\/v2\/types\/page"}],"author":[{"embeddable":true,"href":"https:\/\/bodyfitnessepernon.fr\/index.php\/wp-json\/wp\/v2\/users\/1"}],"replies":[{"embeddable":true,"href":"https:\/\/bodyfitnessepernon.fr\/index.php\/wp-json\/wp\/v2\/comments?post=2"}],"version-history":[{"count":3,"href":"https:\/\/bodyfitnessepernon.fr\/index.php\/wp-json\/wp\/v2\/pages\/2\/revisions"}],"predecessor-version":[{"id":4220,"href":"https:\/\/bodyfitnessepernon.fr\/index.php\/wp-json\/wp\/v2\/pages\/2\/revisions\/4220"}],"wp:attachment":[{"href":"https:\/\/bodyfitnessepernon.fr\/index.php\/wp-json\/wp\/v2\/media?parent=2"}],"curies":[{"name":"wp","href":"https:\/\/api.w.org\/{rel}","templated":true}]}}