{"id":683,"date":"2018-02-26T14:47:05","date_gmt":"2018-02-26T13:47:05","guid":{"rendered":"http:\/\/endurer.mikado-themes.com\/?page_id=683"},"modified":"2026-01-16T18:17:19","modified_gmt":"2026-01-16T17:17:19","slug":"les-coachs","status":"publish","type":"page","link":"https:\/\/bodyfitnessepernon.fr\/index.php\/les-coachs\/","title":{"rendered":"Les coachs de BodyFitness \u00c9pernon"},"content":{"rendered":"<p>[vc_row][vc_column][vc_column_text]Les coachs de BodyFitness \u00c9pernon encadrent la section faisant partie de <a href=\"https:\/\/www.amicale-epernon.fr\/\">l&rsquo;Amicale d&rsquo;\u00e9pernon<\/a>.[\/vc_column_text][\/vc_column][\/vc_row][vc_row content_placement=\u00a0\u00bbmiddle\u00a0\u00bb row_content_width=\u00a0\u00bbgrid\u00a0\u00bb content_text_aligment=\u00a0\u00bbleft\u00a0\u00bb css=\u00a0\u00bb.vc_custom_1521017020741{padding-top: 148px !important;padding-bottom: 90px !important;}\u00a0\u00bb][vc_column width=\u00a0\u00bb5\/6&Prime; offset=\u00a0\u00bbvc_col-lg-offset-0 vc_col-lg-6 vc_col-md-offset-2 vc_col-md-8 vc_col-sm-offset-1 vc_col-xs-12&Prime; css=\u00a0\u00bb.vc_custom_1520954091531{padding-right: 0px !important;padding-left: 0px !important;}\u00a0\u00bb]<div class=\"mkdf-single-image-holder   \">\n    <div class=\"mkdf-si-inner\" >\n                                    <img width=\"2560\" height=\"1714\" src=\"https:\/\/bodyfitnessepernon.fr\/wp-content\/uploads\/2020\/09\/IMG_0091-scaled.jpg\" class=\"attachment-full size-full\" alt=\"\" loading=\"lazy\" srcset=\"https:\/\/bodyfitnessepernon.fr\/wp-content\/uploads\/2020\/09\/IMG_0091-scaled.jpg 2560w, https:\/\/bodyfitnessepernon.fr\/wp-content\/uploads\/2020\/09\/IMG_0091-scaled-600x402.jpg 600w, https:\/\/bodyfitnessepernon.fr\/wp-content\/uploads\/2020\/09\/IMG_0091-300x201.jpg 300w, https:\/\/bodyfitnessepernon.fr\/wp-content\/uploads\/2020\/09\/IMG_0091-1024x685.jpg 1024w, https:\/\/bodyfitnessepernon.fr\/wp-content\/uploads\/2020\/09\/IMG_0091-768x514.jpg 768w, https:\/\/bodyfitnessepernon.fr\/wp-content\/uploads\/2020\/09\/IMG_0091-1536x1028.jpg 1536w\" sizes=\"(max-width: 2560px) 100vw, 2560px\" \/>                        <\/div>\n<\/div>[vc_empty_space height=\u00a0\u00bb60px\u00a0\u00bb][\/vc_column][vc_column width=\u00a0\u00bb1\/12&Prime; offset=\u00a0\u00bbvc_hidden-md vc_hidden-sm vc_hidden-xs\u00a0\u00bb][\/vc_column][vc_column width=\u00a0\u00bb5\/6&Prime; offset=\u00a0\u00bbvc_col-lg-offset-0 vc_col-lg-5 vc_col-md-offset-2 vc_col-md-8 vc_col-sm-offset-1 vc_col-xs-12&Prime; css=\u00a0\u00bb.vc_custom_1520954264475{padding-left: 0px !important;}\u00a0\u00bb]<div class=\"mkdf-elements-holder   mkdf-one-column  mkdf-responsive-mode-768 mkdf-one-column-alignment-left\" ><div class=\"mkdf-eh-item     \"  data-item-class=\"mkdf-eh-custom-9926\" data-1280-1600=\"0 0 38px 0\" data-1024-1280=\"0 0 38px 0\" data-680=\"0 15px 0 15px\">\n\t<div class=\"mkdf-eh-item-inner\">\n\t\t<div class=\"mkdf-eh-item-content mkdf-eh-custom-9926\" style=\"padding: 0 0 38px 0\">\n\t\t\t<div class=\"mkdf-section-title-holder   \" >\n\t<div class=\"mkdf-st-inner\" >\n\t\t\t\t\t<h2 class=\"mkdf-st-title\" >\n\t\t\t\tNicolas\t\t\t<\/h2>\n\t\t        <div class=\"mkdf-separator-holder clearfix   \" >\n\t\t<div class=\"mkdf-separator\" style=\"width: 80px\"><\/div>\n\t<\/div>\n    <\/div>\n            <p class=\"mkdf-st-text\" style=\"margin-top: 13px\">\n            Dipl\u00f4m\u00e9 du BPJEPS des m\u00e9tiers de la forme mention C et D depuis 2012 du CREPS de Ch\u00e2tenay Malabry.        <\/p>\n    <\/div>[vc_empty_space height=\u00a0\u00bb22px\u00a0\u00bb][vc_row_inner content_text_aligment=\u00a0\u00bbleft\u00a0\u00bb][vc_column_inner width=\u00a0\u00bb5\/12&Prime; offset=\u00a0\u00bbvc_col-lg-offset-0 vc_col-lg-4 vc_col-md-offset-0 vc_col-md-5 vc_col-sm-offset-0 vc_col-xs-5&Prime;][vc_empty_space height=\u00a0\u00bb10px\u00a0\u00bb][vc_column_text]<\/p>\n<h6><span style=\"color: #fceb04;\">E-MAIL:<br \/>\n<\/span><\/h6>\n<p>[\/vc_column_text][vc_empty_space height=\u00a0\u00bb10px\u00a0\u00bb][vc_empty_space height=\u00a0\u00bb10px\u00a0\u00bb][vc_column_text]<\/p>\n<h6><span style=\"color: #fceb04;\">SUR LES R\u00c9SEAUX :<br \/>\n<\/span><\/h6>\n<p>[\/vc_column_text][\/vc_column_inner][vc_column_inner width=\u00a0\u00bb5\/12&Prime; offset=\u00a0\u00bbvc_col-lg-offset-0 vc_col-lg-4 vc_col-md-offset-0 vc_col-md-5 vc_col-sm-offset-0 vc_col-xs-7&Prime; css=\u00a0\u00bb.vc_custom_1521026025346{margin-left: -40px !important;padding-top: 6px !important;}\u00a0\u00bb][vc_empty_space height=\u00a0\u00bb10px\u00a0\u00bb][vc_column_text]<a href=\"mailto:nicolas@bodyfitnessepernon.fr\">nicolas@bodyfitnessepernon.fr<\/a>[\/vc_column_text][vc_empty_space height=\u00a0\u00bb10px\u00a0\u00bb][vc_empty_space height=\u00a0\u00bb28px\u00a0\u00bb]    <span class=\"mkdf-icon-shortcode mkdf-normal    \" style=\"margin: 0 10px 11px 0\" data-hover-color=\"#fceb04\" data-color=\"#b5b5b5\">\n        <span class=\"mkdf-icon-bckg-holder\" ><\/span>\n                    <a itemprop=\"url\" class=\"\" href=\"https:\/\/www.facebook.com\/nico.fit.5\" target=\"_blank\">\n                    <span aria-hidden=\"true\" class=\"mkdf-icon-font-elegant social_facebook mkdf-icon-element\" style=\"color: #b5b5b5\" ><\/span>                            <\/a>\n            <\/span>\n[\/vc_column_inner][\/vc_row_inner]\t\t<\/div>\n\t<\/div>\n<\/div><\/div><div class=\"mkdf-progress-bar \">\n\t<h6 class=\"mkdf-pb-title-holder\" >\n\t\t<span class=\"mkdf-pb-title\">Encadrement et accompagnement des pratiquants en plateau musculation.<\/span>\n\t\t<span class=\"mkdf-pb-percent\">0<\/span>\n\t<\/h6>\n\t<div class=\"mkdf-pb-content-holder\" style=\"background-color: #fceb04\">\n\t\t<div data-percentage=100 class=\"mkdf-pb-content\" ><\/div>\n\t<\/div>\n<\/div>[vc_empty_space height=\u00a0\u00bb13px\u00a0\u00bb]<div class=\"mkdf-progress-bar \">\n\t<h6 class=\"mkdf-pb-title-holder\" >\n\t\t<span class=\"mkdf-pb-title\">Coaching personnalis\u00e9 musculation<\/span>\n\t\t<span class=\"mkdf-pb-percent\">0<\/span>\n\t<\/h6>\n\t<div class=\"mkdf-pb-content-holder\" style=\"background-color: #fceb04\">\n\t\t<div data-percentage=100 class=\"mkdf-pb-content\" ><\/div>\n\t<\/div>\n<\/div>[vc_empty_space height=\u00a0\u00bb13px\u00a0\u00bb]<div class=\"mkdf-progress-bar \">\n\t<h6 class=\"mkdf-pb-title-holder\" >\n\t\t<span class=\"mkdf-pb-title\">Enseignement cours collectifs freestyle et Concepts (LesMills, Pilates).<\/span>\n\t\t<span class=\"mkdf-pb-percent\">0<\/span>\n\t<\/h6>\n\t<div class=\"mkdf-pb-content-holder\" style=\"background-color: #fceb04\">\n\t\t<div data-percentage=100 class=\"mkdf-pb-content\" ><\/div>\n\t<\/div>\n<\/div>[vc_empty_space height=\u00a0\u00bb83px\u00a0\u00bb][\/vc_column][\/vc_row][vc_row content_placement=\u00a0\u00bbmiddle\u00a0\u00bb row_content_width=\u00a0\u00bbgrid\u00a0\u00bb content_text_aligment=\u00a0\u00bbleft\u00a0\u00bb css=\u00a0\u00bb.vc_custom_1521017020741{padding-top: 148px !important;padding-bottom: 90px !important;}\u00a0\u00bb][vc_column width=\u00a0\u00bb5\/6&Prime; offset=\u00a0\u00bbvc_col-lg-offset-0 vc_col-lg-6 vc_col-md-offset-2 vc_col-md-8 vc_col-sm-offset-1 vc_col-xs-12&Prime; css=\u00a0\u00bb.vc_custom_1520954091531{padding-right: 0px !important;padding-left: 0px !important;}\u00a0\u00bb]<div class=\"mkdf-single-image-holder   \">\n    <div class=\"mkdf-si-inner\" >\n                                    <img width=\"1536\" height=\"2048\" src=\"https:\/\/bodyfitnessepernon.fr\/wp-content\/uploads\/2021\/12\/IMG_20211223_174229.jpg\" class=\"attachment-full size-full\" alt=\"\" loading=\"lazy\" srcset=\"https:\/\/bodyfitnessepernon.fr\/wp-content\/uploads\/2021\/12\/IMG_20211223_174229.jpg 1536w, https:\/\/bodyfitnessepernon.fr\/wp-content\/uploads\/2021\/12\/IMG_20211223_174229-225x300.jpg 225w, https:\/\/bodyfitnessepernon.fr\/wp-content\/uploads\/2021\/12\/IMG_20211223_174229-768x1024.jpg 768w, https:\/\/bodyfitnessepernon.fr\/wp-content\/uploads\/2021\/12\/IMG_20211223_174229-300x400.jpg 300w, https:\/\/bodyfitnessepernon.fr\/wp-content\/uploads\/2021\/12\/IMG_20211223_174229-1152x1536.jpg 1152w\" sizes=\"(max-width: 1536px) 100vw, 1536px\" \/>                        <\/div>\n<\/div>[vc_empty_space height=\u00a0\u00bb60px\u00a0\u00bb][\/vc_column][vc_column width=\u00a0\u00bb1\/12&Prime; offset=\u00a0\u00bbvc_hidden-md vc_hidden-sm vc_hidden-xs\u00a0\u00bb][\/vc_column][vc_column width=\u00a0\u00bb5\/6&Prime; offset=\u00a0\u00bbvc_col-lg-offset-0 vc_col-lg-5 vc_col-md-offset-2 vc_col-md-8 vc_col-sm-offset-1 vc_col-xs-12&Prime; css=\u00a0\u00bb.vc_custom_1520954264475{padding-left: 0px !important;}\u00a0\u00bb]<div class=\"mkdf-elements-holder   mkdf-one-column  mkdf-responsive-mode-768 mkdf-one-column-alignment-left\" ><div class=\"mkdf-eh-item     \"  data-item-class=\"mkdf-eh-custom-6620\" data-1280-1600=\"0 0 38px 0\" data-1024-1280=\"0 0 38px 0\" data-680=\"0 15px 0 15px\">\n\t<div class=\"mkdf-eh-item-inner\">\n\t\t<div class=\"mkdf-eh-item-content mkdf-eh-custom-6620\" style=\"padding: 0 0 38px 0\">\n\t\t\t<div class=\"mkdf-section-title-holder   \" >\n\t<div class=\"mkdf-st-inner\" >\n\t\t\t\t\t<h2 class=\"mkdf-st-title\" >\n\t\t\t\tHugo\t\t\t<\/h2>\n\t\t        <div class=\"mkdf-separator-holder clearfix   \" >\n\t\t<div class=\"mkdf-separator\" style=\"width: 80px\"><\/div>\n\t<\/div>\n    <\/div>\n            <p class=\"mkdf-st-text\" style=\"margin-top: 13px\">\n            Dipl\u00f4m\u00e9 du BPJEPS mentions cours collectif et musculation halt\u00e9rophilie 2020-2021        <\/p>\n    <\/div>[vc_empty_space height=\u00a0\u00bb22px\u00a0\u00bb]\t\t<\/div>\n\t<\/div>\n<\/div><\/div><div class=\"mkdf-progress-bar \">\n\t<h6 class=\"mkdf-pb-title-holder\" >\n\t\t<span class=\"mkdf-pb-title\">Cours collectifs<\/span>\n\t\t<span class=\"mkdf-pb-percent\">0<\/span>\n\t<\/h6>\n\t<div class=\"mkdf-pb-content-holder\" style=\"background-color: #fceb04\">\n\t\t<div data-percentage=100 class=\"mkdf-pb-content\" ><\/div>\n\t<\/div>\n<\/div>[vc_empty_space height=\u00a0\u00bb13px\u00a0\u00bb]<div class=\"mkdf-progress-bar \">\n\t<h6 class=\"mkdf-pb-title-holder\" >\n\t\t<span class=\"mkdf-pb-title\">Musculation<\/span>\n\t\t<span class=\"mkdf-pb-percent\">0<\/span>\n\t<\/h6>\n\t<div class=\"mkdf-pb-content-holder\" style=\"background-color: #fceb04\">\n\t\t<div data-percentage=100 class=\"mkdf-pb-content\" ><\/div>\n\t<\/div>\n<\/div>[vc_empty_space height=\u00a0\u00bb13px\u00a0\u00bb][\/vc_column][\/vc_row][vc_row content_placement=\u00a0\u00bbmiddle\u00a0\u00bb row_content_width=\u00a0\u00bbgrid\u00a0\u00bb content_text_aligment=\u00a0\u00bbleft\u00a0\u00bb css=\u00a0\u00bb.vc_custom_1521017020741{padding-top: 148px !important;padding-bottom: 90px !important;}\u00a0\u00bb][vc_column width=\u00a0\u00bb5\/6&Prime; offset=\u00a0\u00bbvc_col-lg-offset-0 vc_col-lg-6 vc_col-md-offset-2 vc_col-md-8 vc_col-sm-offset-1 vc_col-xs-12&Prime; css=\u00a0\u00bb.vc_custom_1520954091531{padding-right: 0px !important;padding-left: 0px !important;}\u00a0\u00bb]<div class=\"mkdf-single-image-holder   \">\n    <div class=\"mkdf-si-inner\" >\n                                    <img width=\"1920\" height=\"2560\" src=\"https:\/\/bodyfitnessepernon.fr\/wp-content\/uploads\/2025\/09\/IMG_1079-scaled.jpeg\" class=\"attachment-full size-full\" alt=\"\" loading=\"lazy\" srcset=\"https:\/\/bodyfitnessepernon.fr\/wp-content\/uploads\/2025\/09\/IMG_1079-scaled.jpeg 1920w, https:\/\/bodyfitnessepernon.fr\/wp-content\/uploads\/2025\/09\/IMG_1079-225x300.jpeg 225w, https:\/\/bodyfitnessepernon.fr\/wp-content\/uploads\/2025\/09\/IMG_1079-768x1024.jpeg 768w, https:\/\/bodyfitnessepernon.fr\/wp-content\/uploads\/2025\/09\/IMG_1079-300x400.jpeg 300w, https:\/\/bodyfitnessepernon.fr\/wp-content\/uploads\/2025\/09\/IMG_1079-1152x1536.jpeg 1152w, https:\/\/bodyfitnessepernon.fr\/wp-content\/uploads\/2025\/09\/IMG_1079-1536x2048.jpeg 1536w\" sizes=\"(max-width: 1920px) 100vw, 1920px\" \/>                        <\/div>\n<\/div>[vc_empty_space height=\u00a0\u00bb60px\u00a0\u00bb][\/vc_column][vc_column width=\u00a0\u00bb1\/12&Prime; offset=\u00a0\u00bbvc_hidden-md vc_hidden-sm vc_hidden-xs\u00a0\u00bb][\/vc_column][vc_column width=\u00a0\u00bb5\/6&Prime; offset=\u00a0\u00bbvc_col-lg-offset-0 vc_col-lg-5 vc_col-md-offset-2 vc_col-md-8 vc_col-sm-offset-1 vc_col-xs-12&Prime; css=\u00a0\u00bb.vc_custom_1520954264475{padding-left: 0px !important;}\u00a0\u00bb]<div class=\"mkdf-elements-holder   mkdf-one-column  mkdf-responsive-mode-768 mkdf-one-column-alignment-left\" ><div class=\"mkdf-eh-item     \"  data-item-class=\"mkdf-eh-custom-1626\" data-1280-1600=\"0 0 38px 0\" data-1024-1280=\"0 0 38px 0\" data-680=\"0 15px 0 15px\">\n\t<div class=\"mkdf-eh-item-inner\">\n\t\t<div class=\"mkdf-eh-item-content mkdf-eh-custom-1626\" style=\"padding: 0 0 38px 0\">\n\t\t\t<div class=\"mkdf-section-title-holder   \" >\n\t<div class=\"mkdf-st-inner\" >\n\t\t\t\t\t<h2 class=\"mkdf-st-title\" >\n\t\t\t\tAlex\t\t\t<\/h2>\n\t\t        <div class=\"mkdf-separator-holder clearfix   \" >\n\t\t<div class=\"mkdf-separator\" style=\"width: 80px\"><\/div>\n\t<\/div>\n    <\/div>\n            <p class=\"mkdf-st-text\" style=\"margin-top: 13px\">\n            CQP Instructeur Fitness<br \/>\nInstructeur Animal Flow<br \/>\nInstructeur Ginastica Natural<br \/>\nPraticien en Reprogrammation Neuro-Posturale        <\/p>\n    <\/div>[vc_empty_space height=\u00a0\u00bb22px\u00a0\u00bb]\t\t<\/div>\n\t<\/div>\n<\/div><\/div><div class=\"mkdf-progress-bar \">\n\t<h6 class=\"mkdf-pb-title-holder\" >\n\t\t<span class=\"mkdf-pb-title\">Animal Flow<\/span>\n\t\t<span class=\"mkdf-pb-percent\">0<\/span>\n\t<\/h6>\n\t<div class=\"mkdf-pb-content-holder\" style=\"background-color: #fceb04\">\n\t\t<div data-percentage=100 class=\"mkdf-pb-content\" ><\/div>\n\t<\/div>\n<\/div>[vc_empty_space height=\u00a0\u00bb13px\u00a0\u00bb]<div class=\"mkdf-progress-bar \">\n\t<h6 class=\"mkdf-pb-title-holder\" >\n\t\t<span class=\"mkdf-pb-title\">Ginastica Natural<\/span>\n\t\t<span class=\"mkdf-pb-percent\">0<\/span>\n\t<\/h6>\n\t<div class=\"mkdf-pb-content-holder\" style=\"background-color: #fceb04\">\n\t\t<div data-percentage=100 class=\"mkdf-pb-content\" ><\/div>\n\t<\/div>\n<\/div>[vc_empty_space height=\u00a0\u00bb13px\u00a0\u00bb][\/vc_column][\/vc_row][vc_row][vc_column][vc_column_text]Les coachs de BodyFitness \u00c9pernon encadrent la section faisant partie de <a href=\"https:\/\/www.amicale-epernon.fr\/\">l&rsquo;Amicale d&rsquo;\u00e9pernon<\/a>.[\/vc_column_text][\/vc_column][\/vc_row]<\/p>\n","protected":false},"excerpt":{"rendered":"<p>[vc_row][vc_column][vc_column_text]Les coachs de BodyFitness \u00c9pernon encadrent la section faisant partie de l&rsquo;Amicale d&rsquo;\u00e9pernon.[\/vc_column_text][\/vc_column][\/vc_row][vc_row content_placement=\u00a0\u00bbmiddle\u00a0\u00bb row_content_width=\u00a0\u00bbgrid\u00a0\u00bb content_text_aligment=\u00a0\u00bbleft\u00a0\u00bb css=\u00a0\u00bb.vc_custom_1521017020741{padding-top: 148px !important;padding-bottom: 90px !important;}\u00a0\u00bb][vc_column width=\u00a0\u00bb5\/6&Prime; offset=\u00a0\u00bbvc_col-lg-offset-0 vc_col-lg-6 vc_col-md-offset-2 vc_col-md-8 vc_col-sm-offset-1 vc_col-xs-12&Prime; css=\u00a0\u00bb.vc_custom_1520954091531{padding-right: 0px !important;padding-left: 0px !important;}\u00a0\u00bb][vc_empty_space height=\u00a0\u00bb60px\u00a0\u00bb][\/vc_column][vc_column width=\u00a0\u00bb1\/12&Prime; offset=\u00a0\u00bbvc_hidden-md vc_hidden-sm vc_hidden-xs\u00a0\u00bb][\/vc_column][vc_column width=\u00a0\u00bb5\/6&Prime; offset=\u00a0\u00bbvc_col-lg-offset-0 vc_col-lg-5 vc_col-md-offset-2 vc_col-md-8 vc_col-sm-offset-1 vc_col-xs-12&Prime; css=\u00a0\u00bb.vc_custom_1520954264475{padding-left: 0px !important;}\u00a0\u00bb][vc_empty_space height=\u00a0\u00bb13px\u00a0\u00bb][vc_empty_space height=\u00a0\u00bb13px\u00a0\u00bb][vc_empty_space height=\u00a0\u00bb83px\u00a0\u00bb][\/vc_column][\/vc_row][vc_row content_placement=\u00a0\u00bbmiddle\u00a0\u00bb row_content_width=\u00a0\u00bbgrid\u00a0\u00bb content_text_aligment=\u00a0\u00bbleft\u00a0\u00bb css=\u00a0\u00bb.vc_custom_1521017020741{padding-top: 148px !important;padding-bottom: 90px !important;}\u00a0\u00bb][vc_column width=\u00a0\u00bb5\/6&Prime; offset=\u00a0\u00bbvc_col-lg-offset-0 vc_col-lg-6 vc_col-md-offset-2 vc_col-md-8 vc_col-sm-offset-1 vc_col-xs-12&Prime; css=\u00a0\u00bb.vc_custom_1520954091531{padding-right: 0px !important;padding-left: 0px !important;}\u00a0\u00bb][vc_empty_space height=\u00a0\u00bb60px\u00a0\u00bb][\/vc_column][vc_column width=\u00a0\u00bb1\/12&Prime; offset=\u00a0\u00bbvc_hidden-md vc_hidden-sm vc_hidden-xs\u00a0\u00bb][\/vc_column][vc_column width=\u00a0\u00bb5\/6&Prime; offset=\u00a0\u00bbvc_col-lg-offset-0 vc_col-lg-5 vc_col-md-offset-2 [&hellip;]<\/p>\n","protected":false},"author":1,"featured_media":0,"parent":0,"menu_order":0,"comment_status":"closed","ping_status":"closed","template":"full-width.php","meta":{"_monsterinsights_skip_tracking":false,"_monsterinsights_sitenote_active":false,"_monsterinsights_sitenote_note":"","_monsterinsights_sitenote_category":0},"aioseo_notices":[],"_links":{"self":[{"href":"https:\/\/bodyfitnessepernon.fr\/index.php\/wp-json\/wp\/v2\/pages\/683"}],"collection":[{"href":"https:\/\/bodyfitnessepernon.fr\/index.php\/wp-json\/wp\/v2\/pages"}],"about":[{"href":"https:\/\/bodyfitnessepernon.fr\/index.php\/wp-json\/wp\/v2\/types\/page"}],"author":[{"embeddable":true,"href":"https:\/\/bodyfitnessepernon.fr\/index.php\/wp-json\/wp\/v2\/users\/1"}],"replies":[{"embeddable":true,"href":"https:\/\/bodyfitnessepernon.fr\/index.php\/wp-json\/wp\/v2\/comments?post=683"}],"version-history":[{"count":20,"href":"https:\/\/bodyfitnessepernon.fr\/index.php\/wp-json\/wp\/v2\/pages\/683\/revisions"}],"predecessor-version":[{"id":4321,"href":"https:\/\/bodyfitnessepernon.fr\/index.php\/wp-json\/wp\/v2\/pages\/683\/revisions\/4321"}],"wp:attachment":[{"href":"https:\/\/bodyfitnessepernon.fr\/index.php\/wp-json\/wp\/v2\/media?parent=683"}],"curies":[{"name":"wp","href":"https:\/\/api.w.org\/{rel}","templated":true}]}}