{"id":687,"date":"2018-02-26T14:57:17","date_gmt":"2018-02-26T13:57:17","guid":{"rendered":"http:\/\/endurer.mikado-themes.com\/?page_id=687"},"modified":"2025-09-30T23:30:11","modified_gmt":"2025-09-30T21:30:11","slug":"notre-structure-bodyfitness-epernon","status":"publish","type":"page","link":"https:\/\/bodyfitnessepernon.fr\/index.php\/notre-structure-bodyfitness-epernon\/","title":{"rendered":"Notre structure chez BodyFitness \u00c9pernon"},"content":{"rendered":"<p>[vc_row][vc_column][vc_column_text]Venez d\u00e9couvrir notre structure et tout ce que nous proposons chez BodyFitness \u00c9pernon, section sportive de <a href=\"https:\/\/www.amicale-epernon.fr\/\">l&rsquo;Amicale d&rsquo;\u00e9pernon<\/a>.[\/vc_column_text][\/vc_column][\/vc_row][vc_row row_content_width=\u00a0\u00bbgrid\u00a0\u00bb simple_background_color=\u00a0\u00bb#f2f1f1&Prime; css=\u00a0\u00bb.vc_custom_1520325605842{padding-top: 148px !important;padding-bottom: 64px !important;}\u00a0\u00bb][vc_column]<div class=\"mkdf-image-gallery  mkdf-ig-slider-type mkdf-large-space   mkdf-image-hover-shader\">\n\t<div class=\"mkdf-ig-slider mkdf-owl-slider\" data-number-of-items=\"1\" data-enable-loop=\"yes\" data-enable-autoplay=\"yes\" data-slider-speed=\"5000\" data-slider-speed-animation=\"600\" data-slider-padding=\"no\" data-enable-navigation=\"yes\" data-enable-pagination=\"no\">\n\t\t\t\t\t<div class=\"mkdf-ig-image\">\n\t\t\t\t\t\t\t\t\t<img width=\"2560\" height=\"1714\" src=\"https:\/\/bodyfitnessepernon.fr\/wp-content\/uploads\/2020\/09\/DSC_0008-scaled.jpg\" class=\"attachment-full size-full\" alt=\"\" loading=\"lazy\" srcset=\"https:\/\/bodyfitnessepernon.fr\/wp-content\/uploads\/2020\/09\/DSC_0008-scaled.jpg 2560w, https:\/\/bodyfitnessepernon.fr\/wp-content\/uploads\/2020\/09\/DSC_0008-scaled-600x402.jpg 600w, https:\/\/bodyfitnessepernon.fr\/wp-content\/uploads\/2020\/09\/DSC_0008-300x201.jpg 300w, https:\/\/bodyfitnessepernon.fr\/wp-content\/uploads\/2020\/09\/DSC_0008-1024x685.jpg 1024w, https:\/\/bodyfitnessepernon.fr\/wp-content\/uploads\/2020\/09\/DSC_0008-768x514.jpg 768w, https:\/\/bodyfitnessepernon.fr\/wp-content\/uploads\/2020\/09\/DSC_0008-1536x1028.jpg 1536w\" sizes=\"(max-width: 2560px) 100vw, 2560px\" \/>\t\t\t\t\t\t\t<\/div>\n\t\t\t\t\t<div class=\"mkdf-ig-image\">\n\t\t\t\t\t\t\t\t\t<img width=\"2560\" height=\"1714\" src=\"https:\/\/bodyfitnessepernon.fr\/wp-content\/uploads\/2020\/09\/DSC_0025-scaled.jpg\" class=\"attachment-full size-full\" alt=\"\" loading=\"lazy\" srcset=\"https:\/\/bodyfitnessepernon.fr\/wp-content\/uploads\/2020\/09\/DSC_0025-scaled.jpg 2560w, https:\/\/bodyfitnessepernon.fr\/wp-content\/uploads\/2020\/09\/DSC_0025-scaled-600x402.jpg 600w, https:\/\/bodyfitnessepernon.fr\/wp-content\/uploads\/2020\/09\/DSC_0025-300x201.jpg 300w, https:\/\/bodyfitnessepernon.fr\/wp-content\/uploads\/2020\/09\/DSC_0025-1024x685.jpg 1024w, https:\/\/bodyfitnessepernon.fr\/wp-content\/uploads\/2020\/09\/DSC_0025-768x514.jpg 768w, https:\/\/bodyfitnessepernon.fr\/wp-content\/uploads\/2020\/09\/DSC_0025-1536x1028.jpg 1536w\" sizes=\"(max-width: 2560px) 100vw, 2560px\" \/>\t\t\t\t\t\t\t<\/div>\n\t\t\t\t\t<div class=\"mkdf-ig-image\">\n\t\t\t\t\t\t\t\t\t<img width=\"2560\" height=\"1706\" src=\"https:\/\/bodyfitnessepernon.fr\/wp-content\/uploads\/2020\/09\/DSC_5886-scaled.jpg\" class=\"attachment-full size-full\" alt=\"\" loading=\"lazy\" srcset=\"https:\/\/bodyfitnessepernon.fr\/wp-content\/uploads\/2020\/09\/DSC_5886-scaled.jpg 2560w, https:\/\/bodyfitnessepernon.fr\/wp-content\/uploads\/2020\/09\/DSC_5886-scaled-600x400.jpg 600w, https:\/\/bodyfitnessepernon.fr\/wp-content\/uploads\/2020\/09\/DSC_5886-300x200.jpg 300w, https:\/\/bodyfitnessepernon.fr\/wp-content\/uploads\/2020\/09\/DSC_5886-1024x683.jpg 1024w, https:\/\/bodyfitnessepernon.fr\/wp-content\/uploads\/2020\/09\/DSC_5886-768x512.jpg 768w, https:\/\/bodyfitnessepernon.fr\/wp-content\/uploads\/2020\/09\/DSC_5886-391x260.jpg 391w, https:\/\/bodyfitnessepernon.fr\/wp-content\/uploads\/2020\/09\/DSC_5886-1536x1024.jpg 1536w\" sizes=\"(max-width: 2560px) 100vw, 2560px\" \/>\t\t\t\t\t\t\t<\/div>\n\t\t\t<\/div>\n<\/div>[vc_empty_space height=\u00a0\u00bb98px\u00a0\u00bb]<div class=\"mkdf-elements-holder   mkdf-three-columns  mkdf-responsive-mode-1024 \" ><div class=\"mkdf-eh-item     \"  data-item-class=\"mkdf-eh-custom-3376\" data-1280-1600=\"0px 40px 0px 0px\" data-1024-1280=\"0px 40px 0px 0px\" data-768-1024=\"0px 375px 0px 0px\" data-680-768=\"0px 224px 0px 0px\" data-680=\"0px\">\n\t<div class=\"mkdf-eh-item-inner\">\n\t\t<div class=\"mkdf-eh-item-content mkdf-eh-custom-3376\" style=\"padding: 0px 70px 0px 0px\">\n\t\t\t<div class=\"mkdf-section-title-holder   mkdf-st-has-bckg-image\" >\n\t<div class=\"mkdf-st-inner\" style=\"background-image: url(&#039;https:\/\/bodyfitnessepernon.fr\/wp-content\/uploads\/2018\/02\/p2-title-background-img-1.png&#039;)\">\n\t\t\t\t\t<h2 class=\"mkdf-st-title\" >\n\t\t\t\tC\u00f4t\u00e9 musculation-cardio<br \/>\t\t\t<\/h2>\n\t\t        <div class=\"mkdf-separator-holder clearfix   \" >\n\t\t<div class=\"mkdf-separator\" style=\"width: 80px\"><\/div>\n\t<\/div>\n    <\/div>\n    <\/div>[vc_empty_space height=\u00a0\u00bb77px\u00a0\u00bb]\t\t<\/div>\n\t<\/div>\n<\/div><div class=\"mkdf-eh-item     \"  data-item-class=\"mkdf-eh-custom-6529\" data-768-1024=\"0px 390px 0px 0px\" data-680-768=\"0px 255px 0px 0px\" data-680=\"0px\">\n\t<div class=\"mkdf-eh-item-inner\">\n\t\t<div class=\"mkdf-eh-item-content mkdf-eh-custom-6529\" style=\"padding: 35px 0 0 0\">\n\t\t\t<div class=\"mkdf-iwt clearfix  mkdf-iwt-icon-left mkdf-iwt-icon-medium \">\n\t<div class=\"mkdf-iwt-icon\">\n\t\t\t\t\t<a itemprop=\"url\" href=\"#\" target=\"_self\">\n\t\t\t\t\t    <span class=\"mkdf-icon-shortcode mkdf-normal    mkdf-icon-medium\"  >\n        <span class=\"mkdf-icon-bckg-holder\" ><\/span>\n                    <i class=\"mkdf-icon-simple-line-icon icon-badge mkdf-icon-element\" style=\"\" ><\/i>                    <\/span>\n\t\t\t\t\t<\/a>\n\t\t\t<\/div>\n\t<div class=\"mkdf-iwt-content\" >\n\t\t\t\t\t<h5 class=\"mkdf-iwt-title\" style=\"margin-top: 12px\">\n\t\t\t\t\t\t\t\t\t<a itemprop=\"url\" href=\"#\" target=\"_self\">\n\t\t\t\t\t\t\t\t<span class=\"mkdf-iwt-title-text\">Libre acc\u00e8s<\/span>\n\t\t\t\t\t\t\t\t\t<\/a>\n\t\t\t\t\t\t\t<\/h5>\n\t\t\t\t\t\t\t<p class=\"mkdf-iwt-text\" style=\"margin-top: 6px\">Vous pouvez acc\u00e9der \u00e0 la salle librement pendant les horaires d&#039;ouverture.<\/p>\n\t\t\t<\/div>\n<\/div>[vc_empty_space height=\u00a0\u00bb77px\u00a0\u00bb]<div class=\"mkdf-iwt clearfix  mkdf-iwt-icon-left mkdf-iwt-icon-medium \">\n\t<div class=\"mkdf-iwt-icon\">\n\t\t\t\t\t<a itemprop=\"url\" href=\"#\" target=\"_self\">\n\t\t\t\t\t    <span class=\"mkdf-icon-shortcode mkdf-normal    mkdf-icon-medium\"  >\n        <span class=\"mkdf-icon-bckg-holder\" ><\/span>\n                    <i class=\"mkdf-icon-simple-line-icon icon-settings mkdf-icon-element\" style=\"\" ><\/i>                    <\/span>\n\t\t\t\t\t<\/a>\n\t\t\t<\/div>\n\t<div class=\"mkdf-iwt-content\" >\n\t\t\t\t\t<h5 class=\"mkdf-iwt-title\" style=\"margin-top: 12px\">\n\t\t\t\t\t\t\t\t\t<a itemprop=\"url\" href=\"#\" target=\"_self\">\n\t\t\t\t\t\t\t\t<span class=\"mkdf-iwt-title-text\">Mat\u00e9riel haut de gamme<\/span>\n\t\t\t\t\t\t\t\t\t<\/a>\n\t\t\t\t\t\t\t<\/h5>\n\t\t\t\t\t<\/div>\n<\/div>[vc_empty_space height=\u00a0\u00bb77px\u00a0\u00bb]\t\t<\/div>\n\t<\/div>\n<\/div><div class=\"mkdf-eh-item     \"  data-item-class=\"mkdf-eh-custom-7803\" data-768-1024=\"0px 400px 0px 0px\" data-680-768=\"0px 250px 0px 0px\" data-680=\"0px\">\n\t<div class=\"mkdf-eh-item-inner\">\n\t\t<div class=\"mkdf-eh-item-content mkdf-eh-custom-7803\" style=\"padding: 35px 0 0 0\">\n\t\t\t<div class=\"mkdf-iwt clearfix  mkdf-iwt-icon-left mkdf-iwt-icon-medium \">\n\t<div class=\"mkdf-iwt-icon\">\n\t\t\t\t\t<a itemprop=\"url\" href=\"#\" target=\"_self\">\n\t\t\t\t\t    <span class=\"mkdf-icon-shortcode mkdf-normal    mkdf-icon-medium\"  >\n        <span class=\"mkdf-icon-bckg-holder\" ><\/span>\n                    <i class=\"mkdf-icon-simple-line-icon icon-people mkdf-icon-element\" style=\"\" ><\/i>                    <\/span>\n\t\t\t\t\t<\/a>\n\t\t\t<\/div>\n\t<div class=\"mkdf-iwt-content\" >\n\t\t\t\t\t<h5 class=\"mkdf-iwt-title\" style=\"margin-top: 12px\">\n\t\t\t\t\t\t\t\t\t<a itemprop=\"url\" href=\"#\" target=\"_self\">\n\t\t\t\t\t\t\t\t<span class=\"mkdf-iwt-title-text\">Une \u00e9quipe \u00e0 votre \u00e9coute<\/span>\n\t\t\t\t\t\t\t\t\t<\/a>\n\t\t\t\t\t\t\t<\/h5>\n\t\t\t\t\t<\/div>\n<\/div>[vc_empty_space height=\u00a0\u00bb77px\u00a0\u00bb]<div class=\"mkdf-iwt clearfix  mkdf-iwt-icon-left mkdf-iwt-icon-medium \">\n\t<div class=\"mkdf-iwt-icon\">\n\t\t\t\t\t<a itemprop=\"url\" href=\"#\" target=\"_self\">\n\t\t\t\t\t    <span class=\"mkdf-icon-shortcode mkdf-normal    mkdf-icon-medium\"  >\n        <span class=\"mkdf-icon-bckg-holder\" ><\/span>\n                    <i class=\"mkdf-icon-simple-line-icon icon-folder-alt mkdf-icon-element\" style=\"\" ><\/i>                    <\/span>\n\t\t\t\t\t<\/a>\n\t\t\t<\/div>\n\t<div class=\"mkdf-iwt-content\" >\n\t\t\t\t\t<h5 class=\"mkdf-iwt-title\" style=\"margin-top: 12px\">\n\t\t\t\t\t\t\t\t\t<a itemprop=\"url\" href=\"#\" target=\"_self\">\n\t\t\t\t\t\t\t\t<span class=\"mkdf-iwt-title-text\">R\u00e9glement int\u00e9rieur<\/span>\n\t\t\t\t\t\t\t\t\t<\/a>\n\t\t\t\t\t\t\t<\/h5>\n\t\t\t\t\t<\/div>\n<\/div>[vc_empty_space height=\u00a0\u00bb77px\u00a0\u00bb]\t\t<\/div>\n\t<\/div>\n<\/div><\/div><div class=\"mkdf-elements-holder   mkdf-three-columns  mkdf-responsive-mode-1024 \" ><div class=\"mkdf-eh-item     \"  data-item-class=\"mkdf-eh-custom-9823\" data-1280-1600=\"0px 40px 0px 0px\" data-1024-1280=\"0px 40px 0px 0px\" data-768-1024=\"0px 375px 0px 0px\" data-680-768=\"0px 224px 0px 0px\" data-680=\"0px\">\n\t<div class=\"mkdf-eh-item-inner\">\n\t\t<div class=\"mkdf-eh-item-content mkdf-eh-custom-9823\" style=\"padding: 0px 70px 0px 0px\">\n\t\t\t<div class=\"mkdf-section-title-holder   mkdf-st-has-bckg-image\" >\n\t<div class=\"mkdf-st-inner\" style=\"background-image: url(&#039;https:\/\/bodyfitnessepernon.fr\/wp-content\/uploads\/2018\/02\/p2-title-background-img-1.png&#039;)\">\n\t\t\t\t\t<h2 class=\"mkdf-st-title\" >\n\t\t\t\tC\u00f4t\u00e9 cours<br \/> collectifs\t\t\t<\/h2>\n\t\t        <div class=\"mkdf-separator-holder clearfix   \" >\n\t\t<div class=\"mkdf-separator\" style=\"width: 80px\"><\/div>\n\t<\/div>\n    <\/div>\n    <\/div>[vc_empty_space height=\u00a0\u00bb77px\u00a0\u00bb]\t\t<\/div>\n\t<\/div>\n<\/div><div class=\"mkdf-eh-item     \"  data-item-class=\"mkdf-eh-custom-4471\" data-768-1024=\"0px 390px 0px 0px\" data-680-768=\"0px 255px 0px 0px\" data-680=\"0px\">\n\t<div class=\"mkdf-eh-item-inner\">\n\t\t<div class=\"mkdf-eh-item-content mkdf-eh-custom-4471\" style=\"padding: 35px 0 0 0\">\n\t\t\t<div class=\"mkdf-iwt clearfix  mkdf-iwt-icon-left mkdf-iwt-icon-medium \">\n\t<div class=\"mkdf-iwt-icon\">\n\t\t\t\t\t<a itemprop=\"url\" href=\"#\" target=\"_self\">\n\t\t\t\t\t    <span class=\"mkdf-icon-shortcode mkdf-normal    mkdf-icon-medium\"  >\n        <span class=\"mkdf-icon-bckg-holder\" ><\/span>\n                    <i class=\"mkdf-icon-simple-line-icon icon-bag mkdf-icon-element\" style=\"\" ><\/i>                    <\/span>\n\t\t\t\t\t<\/a>\n\t\t\t<\/div>\n\t<div class=\"mkdf-iwt-content\" >\n\t\t\t\t\t<h5 class=\"mkdf-iwt-title\" style=\"margin-top: 12px\">\n\t\t\t\t\t\t\t\t\t<a itemprop=\"url\" href=\"#\" target=\"_self\">\n\t\t\t\t\t\t\t\t<span class=\"mkdf-iwt-title-text\">Venez \u00e9quip\u00e9<\/span>\n\t\t\t\t\t\t\t\t\t<\/a>\n\t\t\t\t\t\t\t<\/h5>\n\t\t\t\t\t\t\t<p class=\"mkdf-iwt-text\" style=\"margin-top: 6px\">Pensez \u00e0 vous munir de chaussures adapt\u00e9es.<\/p>\n\t\t\t<\/div>\n<\/div>[vc_empty_space height=\u00a0\u00bb77px\u00a0\u00bb]<div class=\"mkdf-iwt clearfix  mkdf-iwt-icon-left mkdf-iwt-icon-medium \">\n\t<div class=\"mkdf-iwt-icon\">\n\t\t\t\t\t<a itemprop=\"url\" href=\"#\" target=\"_self\">\n\t\t\t\t\t    <span class=\"mkdf-icon-shortcode mkdf-normal    mkdf-icon-medium\"  >\n        <span class=\"mkdf-icon-bckg-holder\" ><\/span>\n                    <i class=\"mkdf-icon-simple-line-icon icon-clock mkdf-icon-element\" style=\"\" ><\/i>                    <\/span>\n\t\t\t\t\t<\/a>\n\t\t\t<\/div>\n\t<div class=\"mkdf-iwt-content\" >\n\t\t\t\t\t\t\t<p class=\"mkdf-iwt-text\" >Merci de vous pr\u00e9senter au moins 5 min avant le cours.<\/p>\n\t\t\t<\/div>\n<\/div>[vc_empty_space height=\u00a0\u00bb77px\u00a0\u00bb]\t\t<\/div>\n\t<\/div>\n<\/div><div class=\"mkdf-eh-item     \"  data-item-class=\"mkdf-eh-custom-6483\" data-768-1024=\"0px 400px 0px 0px\" data-680-768=\"0px 250px 0px 0px\" data-680=\"0px\">\n\t<div class=\"mkdf-eh-item-inner\">\n\t\t<div class=\"mkdf-eh-item-content mkdf-eh-custom-6483\" style=\"padding: 35px 0 0 0\">\n\t\t\t<div class=\"mkdf-iwt clearfix  mkdf-iwt-icon-left mkdf-iwt-icon-medium \">\n\t<div class=\"mkdf-iwt-icon\">\n\t\t\t\t\t<a itemprop=\"url\" href=\"#\" target=\"_self\">\n\t\t\t\t\t    <span class=\"mkdf-icon-shortcode mkdf-normal    mkdf-icon-medium\"  >\n        <span class=\"mkdf-icon-bckg-holder\" ><\/span>\n                    <i class=\"mkdf-icon-simple-line-icon icon-people mkdf-icon-element\" style=\"\" ><\/i>                    <\/span>\n\t\t\t\t\t<\/a>\n\t\t\t<\/div>\n\t<div class=\"mkdf-iwt-content\" >\n\t\t\t\t\t<h5 class=\"mkdf-iwt-title\" style=\"margin-top: 12px\">\n\t\t\t\t\t\t\t\t\t<a itemprop=\"url\" href=\"#\" target=\"_self\">\n\t\t\t\t\t\t\t\t<span class=\"mkdf-iwt-title-text\">Dispens\u00e9s par des coachs et animateurs<\/span>\n\t\t\t\t\t\t\t\t\t<\/a>\n\t\t\t\t\t\t\t<\/h5>\n\t\t\t\t\t<\/div>\n<\/div>[vc_empty_space height=\u00a0\u00bb77px\u00a0\u00bb]<div class=\"mkdf-iwt clearfix  mkdf-iwt-icon-left mkdf-iwt-icon-medium \">\n\t<div class=\"mkdf-iwt-icon\">\n\t\t\t\t\t<a itemprop=\"url\" href=\"#\" target=\"_self\">\n\t\t\t\t\t    <span class=\"mkdf-icon-shortcode mkdf-normal    mkdf-icon-medium\"  >\n        <span class=\"mkdf-icon-bckg-holder\" ><\/span>\n                    <i class=\"mkdf-icon-simple-line-icon icon-hourglass mkdf-icon-element\" style=\"\" ><\/i>                    <\/span>\n\t\t\t\t\t<\/a>\n\t\t\t<\/div>\n\t<div class=\"mkdf-iwt-content\" >\n\t\t\t\t\t<h5 class=\"mkdf-iwt-title\" style=\"margin-top: 12px\">\n\t\t\t\t\t\t\t\t\t<a itemprop=\"url\" href=\"#\" target=\"_self\">\n\t\t\t\t\t\t\t\t<span class=\"mkdf-iwt-title-text\">Dur\u00e9e<\/span>\n\t\t\t\t\t\t\t\t\t<\/a>\n\t\t\t\t\t\t\t<\/h5>\n\t\t\t\t\t<\/div>\n<\/div>[vc_empty_space height=\u00a0\u00bb77px\u00a0\u00bb]\t\t<\/div>\n\t<\/div>\n<\/div><\/div>[\/vc_column][\/vc_row][vc_row row_content_width=\u00a0\u00bbgrid\u00a0\u00bb css=\u00a0\u00bb.vc_custom_1521027270016{padding-top: 109px !important;padding-bottom: 19px !important;}\u00a0\u00bb][vc_column offset=\u00a0\u00bbvc_col-lg-offset-0 vc_col-lg-12&Prime;]<div class=\"mkdf-section-title-holder   \" style=\" text-align: center\">\n\t<div class=\"mkdf-st-inner\" >\n\t\t\t\t\t<h2 class=\"mkdf-st-title\" >\n\t\t\t\tLa team\t\t\t<\/h2>\n\t\t        <div class=\"mkdf-separator-holder clearfix   \" >\n\t\t<div class=\"mkdf-separator\" style=\"width: 80px\"><\/div>\n\t<\/div>\n    <\/div>\n    <\/div>[vc_empty_space height=\u00a0\u00bb59px\u00a0\u00bb][vc_row_inner row_content_width=\u00a0\u00bbgrid\u00a0\u00bb content_text_aligment=\u00a0\u00bbcenter\u00a0\u00bb][vc_column_inner width=\u00a0\u00bb5\/6&Prime; offset=\u00a0\u00bbvc_col-lg-offset-0 vc_col-lg-6 vc_col-md-offset-1 vc_col-md-10 vc_col-sm-offset-1 vc_col-xs-12&Prime;]<div class=\"mkdf-single-image-holder   \">\n    <div class=\"mkdf-si-inner\" >\n                                    <img width=\"2560\" height=\"1714\" src=\"https:\/\/bodyfitnessepernon.fr\/wp-content\/uploads\/2020\/09\/IMG_0091-scaled.jpg\" class=\"attachment-full size-full\" alt=\"\" loading=\"lazy\" srcset=\"https:\/\/bodyfitnessepernon.fr\/wp-content\/uploads\/2020\/09\/IMG_0091-scaled.jpg 2560w, https:\/\/bodyfitnessepernon.fr\/wp-content\/uploads\/2020\/09\/IMG_0091-scaled-600x402.jpg 600w, https:\/\/bodyfitnessepernon.fr\/wp-content\/uploads\/2020\/09\/IMG_0091-300x201.jpg 300w, https:\/\/bodyfitnessepernon.fr\/wp-content\/uploads\/2020\/09\/IMG_0091-1024x685.jpg 1024w, https:\/\/bodyfitnessepernon.fr\/wp-content\/uploads\/2020\/09\/IMG_0091-768x514.jpg 768w, https:\/\/bodyfitnessepernon.fr\/wp-content\/uploads\/2020\/09\/IMG_0091-1536x1028.jpg 1536w\" sizes=\"(max-width: 2560px) 100vw, 2560px\" \/>                        <\/div>\n<\/div>[vc_empty_space height=\u00a0\u00bb62px\u00a0\u00bb]<div class=\"mkdf-section-title-holder   \" style=\"padding: 0 8%; text-align: center\">\n\t<div class=\"mkdf-st-inner\" >\n\t\t\t\t\t<h4 class=\"mkdf-st-title\" style=\"color: #fceb04\">\n\t\t\t\tNicolas\t\t\t<\/h4>\n\t\t            <\/div>\n            <p class=\"mkdf-st-text\" style=\"margin-top: 16px\">\n            Sp\u00e9cialiste du powertraining et du Body Combat \u00a9.        <\/p>\n    <\/div>[vc_empty_space height=\u00a0\u00bb16px\u00a0\u00bb]<a itemprop=\"url\" href=\"http:\/\/bodyfitnessepernon.fr\/index.php\/les-coachs\/\" target=\"_self\"  class=\"mkdf-btn mkdf-btn-medium mkdf-btn-simple mkdf-btn-icon mkdf-btn-icon-animate mkdf-btn-border\"  >\n\t    <span class=\"mkdf-btn-text\">Lire plus<\/span>\n\t<i class=\"mkdf-icon-font-awesome fa fa-chevron-right \" ><\/i><\/a>[vc_empty_space height=\u00a0\u00bb95px\u00a0\u00bb][\/vc_column_inner][vc_column_inner width=\u00a0\u00bb5\/6&Prime; offset=\u00a0\u00bbvc_col-lg-offset-0 vc_col-lg-6 vc_col-md-offset-1 vc_col-md-10 vc_col-sm-offset-1 vc_col-xs-12&Prime;]<div class=\"mkdf-single-image-holder   \">\n    <div class=\"mkdf-si-inner\" >\n                                    <img width=\"2560\" height=\"1714\" src=\"https:\/\/bodyfitnessepernon.fr\/wp-content\/uploads\/2020\/09\/IMG_0089-scaled.jpg\" class=\"attachment-full size-full\" alt=\"\" loading=\"lazy\" srcset=\"https:\/\/bodyfitnessepernon.fr\/wp-content\/uploads\/2020\/09\/IMG_0089-scaled.jpg 2560w, https:\/\/bodyfitnessepernon.fr\/wp-content\/uploads\/2020\/09\/IMG_0089-scaled-600x402.jpg 600w, https:\/\/bodyfitnessepernon.fr\/wp-content\/uploads\/2020\/09\/IMG_0089-300x201.jpg 300w, https:\/\/bodyfitnessepernon.fr\/wp-content\/uploads\/2020\/09\/IMG_0089-1024x685.jpg 1024w, https:\/\/bodyfitnessepernon.fr\/wp-content\/uploads\/2020\/09\/IMG_0089-768x514.jpg 768w, https:\/\/bodyfitnessepernon.fr\/wp-content\/uploads\/2020\/09\/IMG_0089-1536x1028.jpg 1536w\" sizes=\"(max-width: 2560px) 100vw, 2560px\" \/>                        <\/div>\n<\/div>[vc_empty_space height=\u00a0\u00bb62px\u00a0\u00bb]<div class=\"mkdf-section-title-holder   \" style=\"padding: 0 8%; text-align: center\">\n\t<div class=\"mkdf-st-inner\" >\n\t\t\t\t\t<h4 class=\"mkdf-st-title\" style=\"color: #fceb04\">\n\t\t\t\tFlorian\t\t\t<\/h4>\n\t\t            <\/div>\n            <p class=\"mkdf-st-text\" style=\"margin-top: 16px\">\n            Sp\u00e9cialiste des cours de renforcement musculaire.        <\/p>\n    <\/div>[vc_empty_space height=\u00a0\u00bb16px\u00a0\u00bb]<a itemprop=\"url\" href=\"http:\/\/bodyfitnessepernon.fr\/index.php\/les-coachs\/\" target=\"_self\"  class=\"mkdf-btn mkdf-btn-medium mkdf-btn-simple mkdf-btn-icon mkdf-btn-icon-animate mkdf-btn-border\"  >\n\t    <span class=\"mkdf-btn-text\">Lire plus<\/span>\n\t<i class=\"mkdf-icon-font-awesome fa fa-chevron-right \" ><\/i><\/a>[vc_empty_space height=\u00a0\u00bb95px\u00a0\u00bb][\/vc_column_inner][\/vc_row_inner][vc_row_inner row_content_width=\u00a0\u00bbgrid\u00a0\u00bb content_text_aligment=\u00a0\u00bbcenter\u00a0\u00bb][vc_column_inner width=\u00a0\u00bb1\/2&Prime; offset=\u00a0\u00bbvc_col-lg-offset-0 vc_col-lg-6 vc_col-md-offset-1 vc_col-md-10 vc_col-sm-offset-1 vc_col-xs-12&Prime;]<div class=\"mkdf-single-image-holder   \">\n    <div class=\"mkdf-si-inner\" >\n                                    <img width=\"1536\" height=\"2048\" src=\"https:\/\/bodyfitnessepernon.fr\/wp-content\/uploads\/2021\/12\/IMG_20211223_174229.jpg\" class=\"attachment-full size-full\" alt=\"\" loading=\"lazy\" srcset=\"https:\/\/bodyfitnessepernon.fr\/wp-content\/uploads\/2021\/12\/IMG_20211223_174229.jpg 1536w, https:\/\/bodyfitnessepernon.fr\/wp-content\/uploads\/2021\/12\/IMG_20211223_174229-225x300.jpg 225w, https:\/\/bodyfitnessepernon.fr\/wp-content\/uploads\/2021\/12\/IMG_20211223_174229-768x1024.jpg 768w, https:\/\/bodyfitnessepernon.fr\/wp-content\/uploads\/2021\/12\/IMG_20211223_174229-300x400.jpg 300w, https:\/\/bodyfitnessepernon.fr\/wp-content\/uploads\/2021\/12\/IMG_20211223_174229-1152x1536.jpg 1152w\" sizes=\"(max-width: 1536px) 100vw, 1536px\" \/>                        <\/div>\n<\/div>[vc_empty_space height=\u00a0\u00bb62px\u00a0\u00bb]<div class=\"mkdf-section-title-holder   \" style=\"padding: 0 8%; text-align: center\">\n\t<div class=\"mkdf-st-inner\" >\n\t\t\t\t\t<h4 class=\"mkdf-st-title\" style=\"color: #fceb04\">\n\t\t\t\tHugo\t\t\t<\/h4>\n\t\t            <\/div>\n            <p class=\"mkdf-st-text\" style=\"margin-top: 16px\">\n            Sp\u00e9cialiste des cours collectifs.        <\/p>\n    <\/div>[vc_empty_space height=\u00a0\u00bb16px\u00a0\u00bb]<a itemprop=\"url\" href=\"http:\/\/bodyfitnessepernon.fr\/index.php\/les-coachs\/\" target=\"_self\"  class=\"mkdf-btn mkdf-btn-medium mkdf-btn-simple mkdf-btn-icon mkdf-btn-icon-animate mkdf-btn-border\"  >\n\t    <span class=\"mkdf-btn-text\">Lire plus<\/span>\n\t<i class=\"mkdf-icon-font-awesome fa fa-chevron-right \" ><\/i><\/a>[vc_empty_space height=\u00a0\u00bb95px\u00a0\u00bb][\/vc_column_inner][vc_column_inner width=\u00a0\u00bb1\/2&Prime;]<div class=\"mkdf-single-image-holder   \">\n    <div class=\"mkdf-si-inner\" >\n                                    <img width=\"1920\" height=\"2560\" src=\"https:\/\/bodyfitnessepernon.fr\/wp-content\/uploads\/2025\/09\/IMG_1079-scaled.jpeg\" class=\"attachment-full size-full\" alt=\"\" loading=\"lazy\" srcset=\"https:\/\/bodyfitnessepernon.fr\/wp-content\/uploads\/2025\/09\/IMG_1079-scaled.jpeg 1920w, https:\/\/bodyfitnessepernon.fr\/wp-content\/uploads\/2025\/09\/IMG_1079-225x300.jpeg 225w, https:\/\/bodyfitnessepernon.fr\/wp-content\/uploads\/2025\/09\/IMG_1079-768x1024.jpeg 768w, https:\/\/bodyfitnessepernon.fr\/wp-content\/uploads\/2025\/09\/IMG_1079-300x400.jpeg 300w, https:\/\/bodyfitnessepernon.fr\/wp-content\/uploads\/2025\/09\/IMG_1079-1152x1536.jpeg 1152w, https:\/\/bodyfitnessepernon.fr\/wp-content\/uploads\/2025\/09\/IMG_1079-1536x2048.jpeg 1536w\" sizes=\"(max-width: 1920px) 100vw, 1920px\" \/>                        <\/div>\n<\/div>[vc_empty_space height=\u00a0\u00bb62px\u00a0\u00bb]<div class=\"mkdf-section-title-holder   \" style=\"padding: 0 8%; text-align: center\">\n\t<div class=\"mkdf-st-inner\" >\n\t\t\t\t\t<h4 class=\"mkdf-st-title\" style=\"color: #fceb04\">\n\t\t\t\tAlex\t\t\t<\/h4>\n\t\t            <\/div>\n            <p class=\"mkdf-st-text\" style=\"margin-top: 16px\">\n            Sp\u00e9cialiste de l'Animal Flow.        <\/p>\n    <\/div>[vc_empty_space height=\u00a0\u00bb16px\u00a0\u00bb]<a itemprop=\"url\" href=\"http:\/\/bodyfitnessepernon.fr\/index.php\/les-coachs\/\" target=\"_self\"  class=\"mkdf-btn mkdf-btn-medium mkdf-btn-simple mkdf-btn-icon mkdf-btn-icon-animate mkdf-btn-border\"  >\n\t    <span class=\"mkdf-btn-text\">Lire plus<\/span>\n\t<i class=\"mkdf-icon-font-awesome fa fa-chevron-right \" ><\/i><\/a>[vc_empty_space height=\u00a0\u00bb95px\u00a0\u00bb][\/vc_column_inner][\/vc_row_inner][\/vc_column][\/vc_row][vc_row][vc_column][vc_column_text]Venez d\u00e9couvrir notre structure et tout ce que nous proposons chez BodyFitness \u00c9pernon, section sportive de <a href=\"https:\/\/www.amicale-epernon.fr\/\">l&rsquo;Amicale d&rsquo;\u00e9pernon<\/a>.[\/vc_column_text][\/vc_column][\/vc_row]<\/p>\n","protected":false},"excerpt":{"rendered":"<p>[vc_row][vc_column][vc_column_text]Venez d\u00e9couvrir notre structure et tout ce que nous proposons chez BodyFitness \u00c9pernon, section sportive de l&rsquo;Amicale d&rsquo;\u00e9pernon.[\/vc_column_text][\/vc_column][\/vc_row][vc_row row_content_width=\u00a0\u00bbgrid\u00a0\u00bb simple_background_color=\u00a0\u00bb#f2f1f1&Prime; css=\u00a0\u00bb.vc_custom_1520325605842{padding-top: 148px !important;padding-bottom: 64px !important;}\u00a0\u00bb][vc_column][vc_empty_space height=\u00a0\u00bb98px\u00a0\u00bb][\/vc_column][\/vc_row][vc_row row_content_width=\u00a0\u00bbgrid\u00a0\u00bb css=\u00a0\u00bb.vc_custom_1521027270016{padding-top: 109px !important;padding-bottom: 19px !important;}\u00a0\u00bb][vc_column offset=\u00a0\u00bbvc_col-lg-offset-0 vc_col-lg-12&Prime;][vc_empty_space height=\u00a0\u00bb59px\u00a0\u00bb][vc_row_inner row_content_width=\u00a0\u00bbgrid\u00a0\u00bb content_text_aligment=\u00a0\u00bbcenter\u00a0\u00bb][vc_column_inner width=\u00a0\u00bb5\/6&Prime; offset=\u00a0\u00bbvc_col-lg-offset-0 vc_col-lg-6 vc_col-md-offset-1 vc_col-md-10 vc_col-sm-offset-1 vc_col-xs-12&Prime;][vc_empty_space height=\u00a0\u00bb62px\u00a0\u00bb][vc_empty_space height=\u00a0\u00bb16px\u00a0\u00bb][vc_empty_space height=\u00a0\u00bb95px\u00a0\u00bb][\/vc_column_inner][vc_column_inner width=\u00a0\u00bb5\/6&Prime; offset=\u00a0\u00bbvc_col-lg-offset-0 vc_col-lg-6 vc_col-md-offset-1 vc_col-md-10 vc_col-sm-offset-1 vc_col-xs-12&Prime;][vc_empty_space height=\u00a0\u00bb62px\u00a0\u00bb][vc_empty_space height=\u00a0\u00bb16px\u00a0\u00bb][vc_empty_space height=\u00a0\u00bb95px\u00a0\u00bb][\/vc_column_inner][\/vc_row_inner][vc_row_inner row_content_width=\u00a0\u00bbgrid\u00a0\u00bb content_text_aligment=\u00a0\u00bbcenter\u00a0\u00bb][vc_column_inner width=\u00a0\u00bb1\/2&Prime; offset=\u00a0\u00bbvc_col-lg-offset-0 vc_col-lg-6 vc_col-md-offset-1 vc_col-md-10 vc_col-sm-offset-1 vc_col-xs-12&Prime;][vc_empty_space height=\u00a0\u00bb62px\u00a0\u00bb][vc_empty_space height=\u00a0\u00bb16px\u00a0\u00bb][vc_empty_space height=\u00a0\u00bb95px\u00a0\u00bb][\/vc_column_inner][vc_column_inner width=\u00a0\u00bb1\/2&Prime;][vc_empty_space height=\u00a0\u00bb62px\u00a0\u00bb][vc_empty_space height=\u00a0\u00bb16px\u00a0\u00bb][vc_empty_space height=\u00a0\u00bb95px\u00a0\u00bb][\/vc_column_inner][\/vc_row_inner][\/vc_column][\/vc_row][vc_row][vc_column][vc_column_text]Venez d\u00e9couvrir notre structure et tout ce que [&hellip;]<\/p>\n","protected":false},"author":1,"featured_media":0,"parent":0,"menu_order":0,"comment_status":"closed","ping_status":"closed","template":"full-width.php","meta":{"_monsterinsights_skip_tracking":false,"_monsterinsights_sitenote_active":false,"_monsterinsights_sitenote_note":"","_monsterinsights_sitenote_category":0},"aioseo_notices":[],"_links":{"self":[{"href":"https:\/\/bodyfitnessepernon.fr\/index.php\/wp-json\/wp\/v2\/pages\/687"}],"collection":[{"href":"https:\/\/bodyfitnessepernon.fr\/index.php\/wp-json\/wp\/v2\/pages"}],"about":[{"href":"https:\/\/bodyfitnessepernon.fr\/index.php\/wp-json\/wp\/v2\/types\/page"}],"author":[{"embeddable":true,"href":"https:\/\/bodyfitnessepernon.fr\/index.php\/wp-json\/wp\/v2\/users\/1"}],"replies":[{"embeddable":true,"href":"https:\/\/bodyfitnessepernon.fr\/index.php\/wp-json\/wp\/v2\/comments?post=687"}],"version-history":[{"count":24,"href":"https:\/\/bodyfitnessepernon.fr\/index.php\/wp-json\/wp\/v2\/pages\/687\/revisions"}],"predecessor-version":[{"id":4068,"href":"https:\/\/bodyfitnessepernon.fr\/index.php\/wp-json\/wp\/v2\/pages\/687\/revisions\/4068"}],"wp:attachment":[{"href":"https:\/\/bodyfitnessepernon.fr\/index.php\/wp-json\/wp\/v2\/media?parent=687"}],"curies":[{"name":"wp","href":"https:\/\/api.w.org\/{rel}","templated":true}]}}